of 2453636735?
2
What is the ten thousands digit of 242665530?
6
What is the ten millions digit of 2271311104?
7
What is the hundreds digit of 4701302?
3
What is the units digit of 331277732?
2
What is the units digit of 79783376?
6
What is the ten millions digit of 49313327?
4
What is the tens digit of 1149723289?
8
What is the ten thousands digit of 177013734?
1
What is the millions digit of 72984013?
2
What is the thousands digit of 510834820?
4
What is the ten thousands digit of 29880733?
8
What is the hundreds digit of 156947906?
9
What is the hundreds digit of 2282839975?
9
What is the ten millions digit of 54452222?
5
What is the ten thousands digit of 151286179?
8
What is the tens digit of 79666314?
1
What is the millions digit of 1484193474?
4
What is the tens digit of 683549999?
9
What is the units digit of 43790881?
1
What is the hundred thousands digit of 67307594?
3
What is the hundred millions digit of 108066120?
1
What is the hundreds digit of 994461521?
5
What is the hundreds digit of 2485899?
8
What is the ten thousands digit of 468383310?
8
What is the hundred millions digit of 3229336246?
2
What is the ten thousands digit of 15134250?
3
What is the tens digit of 340014621?
2
What is the hundreds digit of 1058999789?
7
What is the hundreds digit of 172401338?
3
What is the ten thousands digit of 201263557?
6
What is the hundreds digit of 108152101?
1
What is the hundreds digit of 385544206?
2
What is the units digit of 66357169?
9
What is the hundred thousands digit of 90224848?
2
What is the hundred millions digit of 1852560053?
8
What is the hundred millions digit of 746697384?
7
What is the units digit of 1720027360?
0
What is the millions digit of 191186184?
1
What is the ten millions digit of 611086041?
1
What is the hundreds digit of 70523882?
8
What is the millions digit of 925279449?
5
What is the hundred millions digit of 773508472?
7
What is the hundred millions digit of 111403409?
1
What is the millions digit of 102569213?
2
What is the tens digit of 441625757?
5
What is the units digit of 112871014?
4
What is the ten thousands digit of 192096854?
9
What is the hundred thousands digit of 1193129684?
1
What is the hundred thousands digit of 6926248884?
2
What is the millions digit of 1160756507?
0
What is the millions digit of 81624183?
1
What is the hundred thousands digit of 2337034902?
0
What is the tens digit of 266471968?
6
What is the units digit of 89255157?
7
What is the units digit of 113937988?
8
What is the thousands digit of 245525380?
5
What is the units digit of 124910469?
9
What is the hundred thousands digit of 233198431?
1
What is the ten thousands digit of 30162936?
6
What is the thousands digit of 103888538?
8
What is the hundred thousands digit of 1997029239?
0
What is the millions digit of 971880230?
1
What is the units digit of 1550238952?
2
What is the hundreds digit of 404738777?
7
What is the tens digit of 38693880?
8
What is the ten thousands digit of 161506271?
0
What is the ten thousands digit of 6104389240?
8
What is the ten thousands digit of 7368951880?
5
What is the units digit of 64966239?
9
What is the units digit of 34010171?
1
What is the tens digit of 79270472?
7
What is the hundreds digit of 35342845?
8
What is the thousands digit of 3475135342?
5
What is the hundreds digit of 207214006?
0
What is the thousands digit of 28671058?
1
What is the ten millions digit of 556522235?
5
What is the ten millions digit of 660871977?
6
What is the ten thousands digit of 3735485519?
8
What is the thousands digit of 1469279961?
9
What is the ten millions digit of 178896193?
7
What is the hundred thousands digit of 28448029?
4
What is the thousands digit of 43934147?
4
What is the millions digit of 59660711?
9
What is the hundred thousands digit of 621457022?
4
What is the hundred millions digit of 3160196477?
1
What is the hundred thousands digit of 159025251?
0
What is the hundreds digit of 1534023147?
1
What is the thousands digit of 134321479?
1
What is the ten millions digit of 106648152?
0
What is the hundred thousands digit of 105920962?
9
What is the thousands digit of 884766776?
6
What is the millions digit of 1011020762?
1
What is the ten millions digit of 228768750?
2
What is the tens digit of 25524820?
2
What is the billions digit of 1225626905?
1
What is the units digit of 203158459?
9
What is the thousands digit of 161540686?
0
What is the tens digit of 1116819144?
4
What is the tens digit of 5224856698?
9
What is the hundred millions digit of 109255196?
1
What is the units digit of 1544584400?
0
What is the millions digit of 176161968?
6
What is the units digit of 145710458?
8
What is the ten thousands digit of 745257772?
5
What is the hundred thousands digit of 321102808?
1
What is the millions digit of 1133694386?
3
What is the hundred millions digit of 3198124321?
1
What is the units digit of 1584573632?
2
What is the hundred millions digit of 872617786?
8
What is the units digit of 3975514549?
9
What is the ten thousands digit of 889825281?
2
What is the millions digit of 50861329?
0
What is the tens digit of 2567054951?
5
What is the ten thousands digit of 340470655?
7
What is the ten millions digit of 210344008?
1
What is the thousands digit of 15453844?
3
What is the hundred thousands digit of 86479070?
4
What is the tens digit of 5895212195?
9
What is the ten millions digit of 1696099233?
9
What is the units digit of 20902497?
7
What is the billions digit of 2347064835?
2
What is the ten millions digit of 29685323?
2
What is the hundred thousands digit of 116498010?
4
What is the ten thousands digit of 21328005?
2
What is the units digit of 242339723?
3
What is the thousands digit of 2181302095?
2
What is the ten thousands digit of 37736128?
3
What is the ten millions digit of 61622675?
6
What is the hundred millions digit of 276626575?
2
What is the ten thousands digit of 72771692?
7
What is the units digit of 177836565?
5
What is the hundred thousands digit of 23775242?
7
What is the hundred thousands digit of 17328806?
3
What is the ten thousands digit of 81983164?
8
What is the ten millions digit of 64255971?
6
What is the units digit of 6087659?
9
What is the millions digit of 526150030?
6
What is the hundred thousands digit of 183094532?
0
What is the units digit of 161005859?
9
What is the units digit of 14855821?
1
What is the tens digit of 6326366?
6
What is the hundred millions digit of 3550514274?
5
What is the hundred thousands digit of 66094635?
0
What is the ten thousands digit of 1214382584?
8
What is the ten millions digit of 13794741?
1
What is the hundreds digit of 39965639?
6
What is the ten thousands digit of 122406465?
0
What is the units digit of 4463707065?
5
What is the thousands digit of 469412468?
2
What is the millions digit of 98084642?
8
What is the millions digit of 755012882?
5
What is the tens digit of 39602133?
3
What is the ten millions digit of 1042689610?
4
What is the hundred millions digit of 1293728499?
2
What is the ten millions digit of 468558360?
6
What is the ten millions digit of 2910912019?
1
What is the ten millions digit of 54097246?
5
What is the hundreds digit of 258560080?
0
What is the ten millions digit of 78553307?
7
What is the millions digit of 3822771133?
2
What is the ten thousands digit of 281246803?
4
What is the tens digit of 195581955?
5
What is the ten millions digit of 3582706547?
8
What is the hundred thousands digit of 3105786350?
7
What is the hundreds digit of 108730870?
8
What is the ten thousands digit of 17420982?
2
What is the units digit of 488553646?
6
What is the hundred millions digit of 1348760412?
3
What is the hundred thousands digit of 313418391?
4
What is the thousands digit of 57141588?
1
What is the units digit of 1304575751?
1
What is the units digit of 56658589?
9
What is the units digit of 1084762336?
6
What is the hundred thousands digit of 50261262?
2
What is the millions digit of 64718677?
4
What is the millions digit of 87440372?
7
What is the millions digit of 204154840?
4
What is the ten thousands digit of 46576165?
7
What is the tens digit of 56787538?
3
What is the hundreds digit of 125290260?
2
What is the ten millions digit of 146488678?
4
What is the ten millions digit of